
What is the hundred thousands digit of 61497022?
4
What is the tens digit of 956561420?
2
What is the hundred thousands digit of 326104092?
1
What is the ten millions digit of 663306395?
6
What is the ten thousands digit of 4081739605?
3
What is the millions digit of 6120603252?
0
What is the thousands digit of 1998549434?
9
What is the hundreds digit of 959905441?
4
What is the thousands digit of 20200604?
0
What is the ten millions digit of 906484450?
0
What is the ten millions digit of 1582205453?
8
What is the tens digit of 17197327?
2
What is the hundreds digit of 358094370?
3
What is the millions digit of 21394412?
1
What is the billions digit of 1006258781?
1
What is the millions digit of 143681502?
3
What is the millions digit of 57555444?
7
What is the thousands digit of 8148608862?
8
What is the thousands digit of 47647215?
7
What is the units digit of 863685535?
5
What is the millions digit of 649940002?
9
What is the hundreds digit of 8028625?
6
What is the thousands digit of 22196437?
6
What is the hundred millions digit of 130759187?
1
What is the millions digit of 21029047?
1
What is the units digit of 1750192966?
6
What is the thousands digit of 210420598?
0
What is the thousands digit of 169865003?
5
What is the millions digit of 7960648?
7
What is the hundred millions digit of 2960655717?
9
What is the tens digit of 18155163?
6
What is the ten millions digit of 242319552?
4
What is the hundreds digit of 403978292?
2
What is the units digit of 6234058559?
9
What is the ten thousands digit of 25770081?
7
What is the thousands digit of 2517478?
7
What is the billions digit of 1917707112?
1
What is the ten thousands digit of 18665235?
6
What is the ten thousands digit of 336830557?
3
What is the tens digit of 134712952?
5
What is the units digit of 7463198880?
0
What is the thousands digit of 96449842?
9
What is the thousands digit of 332931712?
1
What is the hundred thousands digit of 266029636?
0
What is the units digit of 201388949?
9
What is the thousands digit of 57017043?
7
What is the hundred thousands digit of 220194060?
1
What is the tens digit of 19901555?
5
What is the hundreds digit of 88446744?
7
What is the millions digit of 78738755?
8
What is the units digit of 305746777?
7
What is the ten millions digit of 164264320?
6
What is the hundred thousands digit of 877053368?
0
What is the tens digit of 178204846?
4
What is the ten millions digit of 35334394?
3
What is the ten millions digit of 1759800209?
5
What is the billions digit of 1065319426?
1
What is the millions digit of 258790544?
8
What is the ten thousands digit of 771689743?
8
What is the millions digit of 1183414480?
3
What is the units digit of 119836717?
7
What is the ten thousands digit of 3771950587?
5
What is the thousands digit of 1008486375?
6
What is the ten thousands digit of 981179056?
7
What is the hundred thousands digit of 1720049515?
0
What is the hundred millions digit of 718360582?
7
What is the tens digit of 5037516570?
7
What is the tens digit of 81049365?
6
What is the hundreds digit of 124474450?
4
What is the ten thousands digit of 436697769?
9
What is the hundreds digit of 3222727?
7
What is the thousands digit of 41775558?
5
What is the ten millions digit of 271172968?
7
What is the thousands digit of 3851009916?
9
What is the hundred millions digit of 3209993824?
2
What is the thousands digit of 73957249?
7
What is the hundred millions digit of 1071109958?
0
What is the hundreds digit of 8536977?
9
What is the tens digit of 1248961482?
8
What is the hundreds digit of 302955563?
5
What is the units digit of 1535793283?
3
What is the tens digit of 435569922?
2
What is the ten millions digit of 89295843?
8
What is the ten millions digit of 51519116?
5
What is the thousands digit of 3964103108?
3
What is the units digit of 14282922?
2
What is the thousands digit of 1628733?
8
What is the thousands digit of 157247251?
7
What is the ten thousands digit of 231525970?
2
What is the hundred thousands digit of 2471785?
4
What is the hundreds digit of 91944453?
4
What is the ten millions digit of 41621887?
4
What is the thousands digit of 39283832?
3
What is the millions digit of 954847644?
4
What is the ten thousands digit of 54505905?
0
What is the hundred thousands digit of 187252608?
2
What is the tens digit of 79881364?
6
What is the millions digit of 1819281182?
9
What is the millions digit of 286044085?
6
What is the tens digit of 3479663?
6
What is the ten millions digit of 2883012251?
8
What is the hundred thousands digit of 1285162?
2
What is the hundred thousands digit of 25323888?
3
What is the thousands digit of 507939488?
9
What is the hundred thousands digit of 1047967251?
9
What is the hundreds digit of 324157697?
6
What is the ten millions digit of 607311682?
0
What is the hundreds digit of 59063353?
3
What is the hundreds digit of 1319400855?
8
What is the hundreds digit of 171965701?
7
What is the billions digit of 1160768840?
1
What is the ten thousands digit of 216339407?
3
What is the tens digit of 13439336?
3
What is the millions digit of 30320203?
0
What is the units digit of 676610060?
0
What is the ten millions digit of 218426286?
1
What is the hundred thousands digit of 10500748?
5
What is the thousands digit of 86245671?
5
What is the ten thousands digit of 634386377?
8
What is the millions digit of 106088451?
6
What is the ten thousands digit of 2360751639?
5
What is the hundreds digit of 89785470?
4
What is the units digit of 51096462?
2
What is the ten thousands digit of 169003745?
0
What is the thousands digit of 24976026?
6
What is the hundreds digit of 2982825199?
1
What is the ten millions digit of 92338290?
9
What is the units digit of 893585770?
0
What is the millions digit of 3096761633?
6
What is the tens digit of 525302905?
0
What is the hundreds digit of 68044021?
0
What is the thousands digit of 31548397?
8
What is the thousands digit of 499178062?
8
What is the ten millions digit of 58394531?
5
What is the hundred thousands digit of 93460594?
4
What is the millions digit of 5526727?
5
What is the hundred thousands digit of 39303400?
3
What is the thousands digit of 45328618?
8
What is the hundred thousands digit of 796024086?
0
What is the hundreds digit of 853552162?
1
What is the hundred thousands digit of 1270550203?
5
What is the units digit of 1586771534?
4
What is the hundred thousands digit of 1084654679?
6
What is the ten millions digit of 43075938?
4
What is the hundred millions digit of 2048241603?
0
What is the units digit of 71969035?
5
What is the tens digit of 1247316687?
8
What is the ten thousands digit of 1007277985?
7
What is the hundred thousands digit of 3126701625?
7
What is the millions digit of 40769310?
0
What is the ten thousands digit of 101222906?
2
What is the hundred thousands digit of 147499691?
4
What is the ten thousands digit of 3130538965?
3
What is the units digit of 6508160?
0
What is the ten thousands digit of 57309526?
0
What is the units digit of 117957625?
5
What is the hundred thousands digit of 236137469?
1
What is the ten thousands digit of 89943705?
4
What is the ten millions digit of 68426301?
6
What is the ten millions digit of 20391929?
2
What is the hundred millions digit of 1386083460?
3
What is the hundred millions digit of 108400852?
1
What is the hundreds digit of 479145934?
9
What is the units digit of 61375698?
8
What is the hundreds digit of 48344502?
5
What is the tens digit of 27425855?
5
What is the units digit of 33946963?
3
What is the hundred thousands digit of 71557544?
5
What is the ten millions digit of 243595395?
4
What is the thousands digit of 107189171?
9
What is the ten millions digit of 3544777421?
4
What is the tens digit of 30127198?
9
What is the hundreds digit of 111744252?
2
What is the tens digit of 11685605?
0
What is the hundred thousands digit of 1352709001?
7
What is the tens digit of 16994728?
2
What is the tens digit of 6183333?
3
What is the thousands digit of 631887339?
7
What is the units digit of 50833786?
6
What is the ten millions digit of 565585127?
6
What is the ten millions digit of 797546335?
9
What is the ten millions digit of 34313573?
3
What is the hundreds digit of 5543291908?
9
What is the ten millio